= 10*m + 414. Calculate y(-42).
-6
Let w(i) = -6*i + 43. Determine w(8).
-5
Let p(k) = -68*k - 332. Calculate p(-5).
8
Let o(h) = -7*h**2 - 35*h - 3. Determine o(-5).
-3
Let a(p) = p**2 + 6*p + 10. What is a(-6)?
10
Let b(p) = 61*p + 3. Determine b(-1).
-58
Let i(m) = 8*m + 39. Give i(-5).
-1
Let z(i) = -2*i - 1. Calculate z(2).
-5
Let j(m) = 12*m + 5. Calculate j(-2).
-19
Let u(i) = -5*i - 4. Calculate u(0).
-4
Let f(g) = g**2 - 11*g + 14. Calculate f(10).
4
Let s(f) = -f**3 + 7*f**2 - 7*f + 3. Give s(6).
-3
Let j(s) = -s**2 - 13*s - 13. Give j(-12).
-1
Let h(g) = -5*g - 17. What is h(-8)?
23
Let x(j) = 26*j**2 + 4*j + 3. Give x(-1).
25
Let h(k) = -4*k**2 + 5*k + 3. Calculate h(-1).
-6
Let m(b) = b**2 + 2*b + 4. Give m(-6).
28
Let h(m) = 3*m - 42. What is h(15)?
3
Let d(m) = -2*m - 58. What is d(-29)?
0
Let q(v) = 2*v - 37. Calculate q(3).
-31
Let w(k) = -2*k + 2. Calculate w(4).
-6
Let h(m) = 6*m + 6. Determine h(-2).
-6
Let s(w) = -w**2 - 5*w - 1. Give s(-5).
-1
Let h(x) = -x**2 + 9*x + 2. What is h(8)?
10
Let l(z) = -5*z - 59. Give l(-7).
-24
Let d(r) = r**2 + 13*r + 12. Give d(-13).
12
Let l(t) = 6*t + 27. Determine l(-15).
-63
Let r(n) = -302*n - 1205. Calculate r(-4).
3
Let y(d) = -14*d - 6. Calculate y(1).
-20
Let r(k) = -k**2 + 7*k + 27. Determine r(9).
9
Let r(k) = -2*k**2 - 8*k - 17. Calculate r(-5).
-27
Let f(r) = r**2 + 6*r + 4. Determine f(-9).
31
Let l(w) = w**3 - 6*w**2 - 2*w. Determine l(7).
35
Let w(j) = -4*j**3 - 3*j**2 - 2*j - 1. What is w(-2)?
23
Let b(m) = 4*m + 119. Give b(-29).
3
Let z(s) = s**3 + 8*s**2 + 7*s + 2. Calculate z(-6).
32
Let i(b) = b**2 - 21*b - 79. Determine i(24).
-7
Let f(h) = -h**3 - 16*h**2 + 16*h - 41. What is f(-17)?
-24
Let w(i) = -2*i**2 - 53*i + 11. Give w(-27).
-16
Let x(h) = 2*h**2 + 57*h + 33. What is x(-28)?
5
Let i(m) = -3*m**3 - 9*m**2 - 9*m - 2. Determine i(-3).
25
Let a(j) = j**2 + 6*j + 3. What is a(-4)?
-5
Let p(v) = 163*v - 2277. Determine p(14).
5
Let c(r) = r**2 + 30*r + 7. What is c(-30)?
7
Let t(j) = -j**3 - 18*j**2 + 62*j - 17. Determine t(-21).
4
Let h(w) = -w**3 + 9*w**2 - 9*w - 7. Calculate h(8).
-15
Let v(a) = -a**2 - 6*a + 5. Calculate v(-4).
13
Let g(m) = -6*m**2 - 33*m + 2. Give g(-6).
-16
Let p(d) = d**3 - 4*d**2 + 5*d - 59. What is p(6)?
43
Let u(m) = -35*m + 3. Determine u(2).
-67
Let z(w) = -2*w**2 - 60*w - 124. Give z(-28).
-12
Let v(l) = -5*l. What is v(1)?
-5
Let m(n) = 10*n**3 - 4*n**2 - 2*n + 2. What is m(-1)?
-10
Let c(b) = -3*b**3 - 136*b**2 + 91*b - 52. What is c(-46)?
-6
Let b(t) = -t**2 + 10*t - 8. Determine b(10).
-8
Let q(y) = 2*y**2 - 5*y + 2. Determine q(2).
0
Let p(u) = 3*u + 6. What is p(-3)?
-3
Let u(h) = -4*h**2 - h + 1. Give u(-3).
-32
Let r(g) = -g**3 + 5*g**2 + 3*g - 3. What is r(5)?
12
Let a(k) = -k - 17. What is a(-15)?
-2
Let b(v) = 2*v - 3. Give b(5).
7
Let u(b) = -b**2 - b + 6. Determine u(-5).
-14
Let q(d) = -3*d**2 + 12*d + 2. What is q(4)?
2
Let b(c) = c**3 - 8*c**2 - 2*c + 18. What is b(8)?
2
Let a(h) = -2*h - 12. Give a(-8).
4
Let x(z) = 19*z**2 + 7*z + 16. Give x(-2).
78
Let x(a) = -4*a - 77. Calculate x(-19).
-1
Let b(k) = -k**2 + 12*k - 35. Determine b(6).
1
Let l(q) = 3*q + 26. Determine l(-7).
5
Let c(x) = 2*x - 1. Determine c(-4).
-9
Let d(v) = -30*v - 991. What is d(-33)?
-1
Let t(u) = u**2 + 2*u + 2. Determine t(4).
26
Let a(u) = u**3 + 26*u**2 - 5*u - 138. Give a(-26).
-8
Let d(o) = 57*o + 39. Give d(-3).
-132
Let a(o) = -o**3 - 8*o**2 - 9*o - 5. Give a(-7).
9
Let p(r) = 2*r**2 - 18*r + 7. Give p(8).
-9
Let p(g) = -2*g. Calculate p(-1).
2
Let i(f) = -67*f - 17. Give i(-1).
50
Let p(l) = -31*l**2 - 6*l - 7. Calculate p(-1).
-32
Let r(k) = k**2 + 7*k - 18. Determine r(6).
60
Let t(x) = -88*x + 1050. What is t(12)?
-6
Let d(m) = 9*m**3 - 4*m**2 - 3*m. Give d(-2).
-82
Let t(f) = -20*f + 26. Calculate t(3).
-34
Let v(b) = -b**2 - 17*b - 18. Determine v(-3).
24
Let h(v) = 2*v - 28. Calculate h(30).
32
Let d(q) = 8*q. What is d(-2)?
-16
Let f(b) = -2*b**3 + 2*b**2 - 1. Calculate f(-1).
3
Let z(n) = -48*n - 31. Determine z(-1).
17
Let b(n) = -8*n + 5. Give b(5).
-35
Let k(v) = v**3 - 12*v**2 + 3*v + 7. What is k(5)?
-153
Let c(s) = 7*s + 58. What is c(-9)?
-5
Let a(o) = -o**3 - 12*o**2 - 33*o - 9. Calculate a(-9).
45
Let d(o) = -2*o**3 + 8*o**2 - 5*o + 3. What is d(2)?
9
Let g(h) = -h**2 - 8*h + 16. What is g(-11)?
-17
Let b(n) = -n**2 + 9*n + 27. Calculate b(12).
-9
Let r(m) = -m**3 - m**2 + m - 21. Calculate r(0).
-21
Let t(d) = d**3 + 40*d**2 + 147*d + 108. Give t(-36).
0
Let i(u) = -7*u**2 - 5*u - 4. Give i(3).
-82
Let g(f) = -f**3 - 12*f**2 - 13*f - 9. Determine g(-11).
13
Let l(u) = 4*u**3 - 10*u**2 + 14*u - 3. Determine l(1).
5
Let t(d) = -d**3 + 5*d**2 + 6*d - 4. Calculate t(6).
-4
Let y(o) = -38*o + 11. Calculate y(3).
-103
Let o(k) = -k**3 - 2*k - 36. What is o(0)?
-36
Let m(q) = -q**3 + 63*q**2 + 131*q - 56. Calculate m(65).
9
Let w(a) = a**2 - 2*a + 17. Calculate w(0).
17
Let g(z) = z**2 + 14*z + 26. Give g(-11).
-7
Let v(h) = 2*h**2 + 52*h + 264. Determine v(-7).
-2
Let h(q) = 19*q**2 - q - 2. Determine h(2).
72
Let j(m) = 8*m**3 + 3*m**2 - m - 4. Give j(-2).
-54
Let v(q) = -59*q - 10. Give v(-2).
108
Let w(m) = -3*m + 2. Give w(-5).
17
Let n(g) = -g**3 + 7*g**2 - 2*g + 74. What is n(8)?
-6
Let c(s) = -s**3 - 8*s**2 + 2*s + 13. Calculate c(-8).
-3
Let b(i) = 3*i**2 - 3*i + 3. Determine b(2).
9
Let q(r) = r**3 - 8*r**2 + 5*r + 23. Calculate q(7).
9
Let x(f) = -7*f**2 - 4*f + 5. Calculate x(2).
-31
Let j(t) = -8*t - 1. Calculate j(2).
-17
Let i(n) = -5*n**3 - 27*n**2 + 18*n + 2. Give i(-6).
2
Let v(x) = x**2 + 6*x + 11. Give v(-4).
3
Let k(m) = -m**2 + 3*m + 5. What is k(-3)?
-13
Let b(r) = -5*r**3. Calculate b(1).
-5
Let g(d) = -27*d - 50. Calculate g(-6).
112
Let h(y) = y**3 - 9*y**2 - 4*y + 12. Give h(9).
-24
Let n(x) = 3*x**2 - 70*x + 81. Determine n(22).
-7
Let p(j) = j - 7. Determine p(1).
-6
Let i(n) = -n**2 - 7*n + 2. What is i(-6)?
8
Let m(w) = 5*w + 7. Determine m(-5).
-18
Let m(s) = 8*s - 16. Calculate m(3).
8
Let j(r) = r**2 + 23*r - 44. Give j(-25).
6
Let g(r) = r**3 + r**2. Determine g(0).
0
Let h(y) = y + 15. Determine h(-8).
7
Let n(v) = -v**3 + 14*v**2 + 2*v - 11. Give n(14).
17
Let w(z) = -13*z. Determine w(-1).
13
Let y(f) = f**2 - 11*f + 15. Calculate y(7).
-13
Let o(u) = u**3 - 7*u**2 + 5*u + 4. Give o(5).
-21
Let n(o) = 2*o + 19. Calculate n(-13).
-7
Let g(c) = -2*c - 54. Calculate g(-20).
-14
Let p(g) = 2*g**2 - 26*g - 7. Give p(12).
-31
Let v(c) = 3*c**3 - 7*c**2 + 4*c + 2. What is v(4)?
98
Let v(f) = 4*f - 29. What is v(5)?
-9
Let s(y) = y**3 + 6*y**2 - 8*y + 9. What is s(-8)?
-55
Let f(l) = 15*l - 47. Determine f(6).
43
Let b(n) = -n**2 + 85. Determine b(0).
85
Let m(r) = -13*r - 26. Give m(-4).
26
Let c(v) = -v**3 - 12*v**2 + 10. What is c(-12)?
10
Let q(h) = 2*h**2 + 6*h + 2. What is q(-3)?
2
Let s(t) = -t**2 + 8*t + 18. Determine s(10).
-2
Let z(i) = -i**3 + 10*i**2 + i + 9. What is z(10)?
19
Let t(m) = m**3 + 25*m**2 + 53*m + 162. Calculate t(-23).
1
Let s(u) = u**3 - 8*u**2 + 3*u - 11. Calculate s(8).
13
Let b(o) = -2*o**3 - 10*o**2 - 18*o - 3. Calculate b(-3).
15
Let f(j) = 30*j + 4. Determine f(1).
34
Let m(t) = -2*t**2 - 5*t + 8. Determine m(-7).
-55
Let l(o) = 2*o + 15. Determine l(-7).
1
Let i(p) = -7*p + 145. Determine i(20).
5
Let c(y) = y**3 + 22*y**2 + 19*y - 41. Determine c(-21).
1
Let m(w) = -w**2 + 5*w - 6. Determine m(6).
-12
Let u(v) = v**3 - 13*v**2 + 19*v + 9. What is u(12)?
93
Let b(w) = -w**2 - 10*w - 1. Determine b(-9).
8
Let r(k) = 3*k - 68. Give r(20).
-8
Let b(p) = -p**2 + 9*p - 8. Determine b(7).
6
Let m(y) = 2*y**2 + y + 2. What is m(-1)?
3
Let j(a) = a**3 - 8*a**2 + 6*a + 9. Calculate j(7).
2
Let x(v) = -13*v + 4. What is x(3)?
-35
Let b(q) = 2*q + 24. Calculate b(-12).
0
Let f(p) = 3*p**2 - 17*p + 14. Determine f(4).
-6
Let m(p) = 9*p - 92. What is m(11)?
7
Let q(w) = w**3 - 18*w**2 + 34*w - 38. Determine q(16).
-6
Let s(b) = b**2 + 76*b + 1150. What is s(-21)?
-5
Let j(o) = 4*o + 116. Give j(-18).
44
Let z(x) = x**3 - 22*x**2 + 22*x - 3. Give z(21).
18
Let y(f) = -3*f + 47. What is y(15)?
2
Let j(v) = 2*v**2 - 23*v + 10. Give j(15).
115
Let a(b) = -b**3 + 7*b**2 - 5*b - 1. Calculate a(7).
-36
Let o(j) = j**3 + 7*j**2 - 8*j - 4. Determine o(-8).
-4
Let j(t) = -t**3 +